{"id":556,"date":"2025-09-05T11:51:54","date_gmt":"2025-09-05T09:51:54","guid":{"rendered":"http:\/\/dev.margarigonutricio.com\/nutricionista-palma-de-mallorca\/"},"modified":"2025-11-17T13:32:47","modified_gmt":"2025-11-17T12:32:47","slug":"nutricionista-palma-de-mallorca","status":"publish","type":"page","link":"https:\/\/margarigonutricio.com\/ca\/nutricionista-palma-de-mallorca\/","title":{"rendered":"Nutricionista Palma de Mallorca"},"content":{"rendered":"\t\t<div data-elementor-type=\"wp-page\" data-elementor-id=\"556\" class=\"elementor elementor-556 elementor-347\" data-elementor-post-type=\"page\">\n\t\t\t\t<div class=\"elementor-element elementor-element-bf7110e e-flex e-con-boxed e-con e-parent\" data-id=\"bf7110e\" data-element_type=\"container\">\n\t\t\t\t\t<div class=\"e-con-inner\">\n\t\t<div class=\"elementor-element elementor-element-ad75a57 e-con-full e-flex e-con e-child\" data-id=\"ad75a57\" data-element_type=\"container\">\n\t\t\t\t<div class=\"elementor-element elementor-element-7efd188 elementor-widget elementor-widget-heading\" data-id=\"7efd188\" data-element_type=\"widget\" data-widget_type=\"heading.default\">\n\t\t\t\t\t<h1 class=\"elementor-heading-title elementor-size-default\">Nutricionista Palma de Mallorca<\/h1>\t\t\t\t<\/div>\n\t\t\t\t<div class=\"elementor-element elementor-element-1958d2f elementor-widget elementor-widget-text-editor\" data-id=\"1958d2f\" data-element_type=\"widget\" data-widget_type=\"text-editor.default\">\n\t\t\t\t\t\t\t\t\t<p>Est\u00e0s buscant un <strong>nutricionista de Palma de Mallorca?<\/strong> A la consulta de Marga Rigo estem a la teva disposici\u00f3 per poder atendre&#8217;t de la manera m\u00e9s professional, ajudant-te a implantar una rutina d&#8217;alimentaci\u00f3 saludable i, per tant, potenciar el teu benestar. Descobreix la import\u00e0ncia que t\u00e9 el menjar al nostre dia a dia de la manera m\u00e9s senzilla.  <\/p><p>Tant si practiques esport com si no, al nostre <a href=\"http:\/\/dev.margarigonutricio.com\/ca\/centre-de-nutricio-palma\/\">centre de nutrici\u00f3 a Palma<\/a> podrem atendre&#8217;t com et mereixes. El nostre \u00fanic objectiu \u00e9s el teu benestar. Per assolir-ho, estem en disposici\u00f3 d&#8217;apropar-te les eines i pautes necess\u00e0ries perqu\u00e8 aconseguisques els teus objectius. Sempre treballem de manera realista i sostenible.   <\/p><p>D&#8217;aquesta manera, tractarem de cuidar tota la teva alimentaci\u00f3, organitzarem la compra, la preparaci\u00f3 dels \u00e0pats i t&#8217;assessorarem sobre les millors dietes. Un servei complet i personalitzat perqu\u00e8 cada pacient s\u00e0piga com assolir els seus objectius. Des de la nostra consulta sempre us donarem suport, per\u00f2 tu has d&#8217;iniciar el canvi cap a una vida m\u00e9s saludable.  <\/p>\t\t\t\t\t\t\t\t<\/div>\n\t\t\t\t<div class=\"elementor-element elementor-element-13e406b elementor-widget elementor-widget-heading\" data-id=\"13e406b\" data-element_type=\"widget\" data-widget_type=\"heading.default\">\n\t\t\t\t\t<h2 class=\"elementor-heading-title elementor-size-default\">Experta nutricionista a Palma de Mallorca a la teva disposici\u00f3<\/h2>\t\t\t\t<\/div>\n\t\t\t\t<div class=\"elementor-element elementor-element-1785c98 elementor-widget elementor-widget-text-editor\" data-id=\"1785c98\" data-element_type=\"widget\" data-widget_type=\"text-editor.default\">\n\t\t\t\t\t\t\t\t\t<p>Despr\u00e9s d&#8217;una traject\u00f2ria m\u00e9s que contrastada en aquest camp, des del nostre centre podem afirmar que nom\u00e9s es necessiten dues coses per implantar una alimentaci\u00f3 sana a les nostres vides: una mica de motivaci\u00f3 i modificar els nostres h\u00e0bits alimentaris. D&#8217;aquesta manera, un dia a dia s&#8217;aconseguir\u00e0 molt m\u00e9s saludable que redundi en una vida agradable i saludable. <\/p><p>Com a <a href=\"http:\/\/dev.margarigonutricio.com\/ca\/dietista-palma-de-mallorca\/\">dietista a Palma de Mallorca<\/a>, no importa els teus objectius, siguin esportius o no, ja que et podrem ajudar en tot all\u00f2 que necessitis. Busques perdre pes o guanyar m\u00fascul? No et preocupis perqu\u00e8 et podem ajudar.  <\/p><p>Acudeix com m\u00e9s aviat millor a la consulta de Marga Rigo, especialista en nutrici\u00f3 a Palma de Mallorca. Iniciarem com m\u00e9s aviat millor la transformaci\u00f3 cap a una vida m\u00e9s sana i una alimentaci\u00f3 acurada i beneficiosa. A qu\u00e8 est\u00e0s esperant?  <\/p>\t\t\t\t\t\t\t\t<\/div>\n\t\t\t\t<\/div>\n\t\t\t\t\t<\/div>\n\t\t\t\t<\/div>\n\t\t\t\t<\/div>\n\t\t","protected":false},"excerpt":{"rendered":"<p>Est\u00e0s buscant un nutricionista de Palma de Mallorca? A la consulta de Marga Rigo estem a la teva disposici\u00f3 per poder atendre&#8217;t de la manera m\u00e9s professional, ajudant-te a implantar una rutina d&#8217;alimentaci\u00f3 saludable i, per tant, potenciar el teu benestar. Descobreix la import\u00e0ncia que t\u00e9 el menjar al nostre dia a dia de la [&hellip;]<\/p>\n","protected":false},"author":1,"featured_media":0,"parent":0,"menu_order":0,"comment_status":"closed","ping_status":"closed","template":"","meta":{"footnotes":""},"class_list":["post-556","page","type-page","status-publish","hentry"],"yoast_head":"<!-- This site is optimized with the Yoast SEO plugin v26.5 - https:\/\/yoast.com\/wordpress\/plugins\/seo\/ -->\n<title>Nutricionista Palma de Mallorca - Marga Rigo Nutrici\u00f3<\/title>\n<meta name=\"robots\" content=\"index, follow, max-snippet:-1, max-image-preview:large, max-video-preview:-1\" \/>\n<link rel=\"canonical\" href=\"https:\/\/margarigonutricio.com\/nutricionista-palma-de-mallorca\/\" \/>\n<meta property=\"og:locale\" content=\"ca_ES\" \/>\n<meta property=\"og:type\" content=\"article\" \/>\n<meta property=\"og:title\" content=\"Nutricionista Palma de Mallorca - Marga Rigo Nutrici\u00f3\" \/>\n<meta property=\"og:description\" content=\"Est\u00e0s buscant un nutricionista de Palma de Mallorca? A la consulta de Marga Rigo estem a la teva disposici\u00f3 per poder atendre&#8217;t de la manera m\u00e9s professional, ajudant-te a implantar una rutina d&#8217;alimentaci\u00f3 saludable i, per tant, potenciar el teu benestar. Descobreix la import\u00e0ncia que t\u00e9 el menjar al nostre dia a dia de la [&hellip;]\" \/>\n<meta property=\"og:url\" content=\"https:\/\/margarigonutricio.com\/nutricionista-palma-de-mallorca\/\" \/>\n<meta property=\"og:site_name\" content=\"Marga Rigo Nutrici\u00f3\" \/>\n<meta property=\"article:modified_time\" content=\"2025-11-17T12:32:47+00:00\" \/>\n<meta name=\"twitter:card\" content=\"summary_large_image\" \/>\n<meta name=\"twitter:label1\" content=\"Temps estimat de lectura\" \/>\n\t<meta name=\"twitter:data1\" content=\"2 minuts\" \/>\n<script type=\"application\/ld+json\" class=\"yoast-schema-graph\">{\"@context\":\"https:\/\/schema.org\",\"@graph\":[{\"@type\":\"WebPage\",\"@id\":\"https:\/\/margarigonutricio.com\/nutricionista-palma-de-mallorca\/\",\"url\":\"https:\/\/margarigonutricio.com\/nutricionista-palma-de-mallorca\/\",\"name\":\"Nutricionista Palma de Mallorca - Marga Rigo Nutrici\u00f3\",\"isPartOf\":{\"@id\":\"https:\/\/margarigonutricio.com\/#website\"},\"datePublished\":\"2025-09-05T09:51:54+00:00\",\"dateModified\":\"2025-11-17T12:32:47+00:00\",\"breadcrumb\":{\"@id\":\"https:\/\/margarigonutricio.com\/nutricionista-palma-de-mallorca\/#breadcrumb\"},\"inLanguage\":\"ca\",\"potentialAction\":[{\"@type\":\"ReadAction\",\"target\":[\"https:\/\/margarigonutricio.com\/nutricionista-palma-de-mallorca\/\"]}]},{\"@type\":\"BreadcrumbList\",\"@id\":\"https:\/\/margarigonutricio.com\/nutricionista-palma-de-mallorca\/#breadcrumb\",\"itemListElement\":[{\"@type\":\"ListItem\",\"position\":1,\"name\":\"Portada\",\"item\":\"https:\/\/margarigonutricio.com\/\"},{\"@type\":\"ListItem\",\"position\":2,\"name\":\"Nutricionista Palma de Mallorca\"}]},{\"@type\":\"WebSite\",\"@id\":\"https:\/\/margarigonutricio.com\/#website\",\"url\":\"https:\/\/margarigonutricio.com\/\",\"name\":\"Marga Rigo Nutrici\u00f3\",\"description\":\"Nutrici\u00f3n Deportiva\",\"publisher\":{\"@id\":\"https:\/\/margarigonutricio.com\/#organization\"},\"potentialAction\":[{\"@type\":\"SearchAction\",\"target\":{\"@type\":\"EntryPoint\",\"urlTemplate\":\"https:\/\/margarigonutricio.com\/?s={search_term_string}\"},\"query-input\":{\"@type\":\"PropertyValueSpecification\",\"valueRequired\":true,\"valueName\":\"search_term_string\"}}],\"inLanguage\":\"ca\"},{\"@type\":\"Organization\",\"@id\":\"https:\/\/margarigonutricio.com\/#organization\",\"name\":\"Marga Rigo Nutrici\u00f3\",\"url\":\"https:\/\/margarigonutricio.com\/\",\"logo\":{\"@type\":\"ImageObject\",\"inLanguage\":\"ca\",\"@id\":\"https:\/\/margarigonutricio.com\/#\/schema\/logo\/image\/\",\"url\":\"\",\"contentUrl\":\"\",\"caption\":\"Marga Rigo Nutrici\u00f3\"},\"image\":{\"@id\":\"https:\/\/margarigonutricio.com\/#\/schema\/logo\/image\/\"}}]}<\/script>\n<!-- \/ Yoast SEO plugin. -->","yoast_head_json":{"title":"Nutricionista Palma de Mallorca - Marga Rigo Nutrici\u00f3","robots":{"index":"index","follow":"follow","max-snippet":"max-snippet:-1","max-image-preview":"max-image-preview:large","max-video-preview":"max-video-preview:-1"},"canonical":"https:\/\/margarigonutricio.com\/nutricionista-palma-de-mallorca\/","og_locale":"ca_ES","og_type":"article","og_title":"Nutricionista Palma de Mallorca - Marga Rigo Nutrici\u00f3","og_description":"Est\u00e0s buscant un nutricionista de Palma de Mallorca? A la consulta de Marga Rigo estem a la teva disposici\u00f3 per poder atendre&#8217;t de la manera m\u00e9s professional, ajudant-te a implantar una rutina d&#8217;alimentaci\u00f3 saludable i, per tant, potenciar el teu benestar. Descobreix la import\u00e0ncia que t\u00e9 el menjar al nostre dia a dia de la [&hellip;]","og_url":"https:\/\/margarigonutricio.com\/nutricionista-palma-de-mallorca\/","og_site_name":"Marga Rigo Nutrici\u00f3","article_modified_time":"2025-11-17T12:32:47+00:00","twitter_card":"summary_large_image","twitter_misc":{"Temps estimat de lectura":"2 minuts"},"schema":{"@context":"https:\/\/schema.org","@graph":[{"@type":"WebPage","@id":"https:\/\/margarigonutricio.com\/nutricionista-palma-de-mallorca\/","url":"https:\/\/margarigonutricio.com\/nutricionista-palma-de-mallorca\/","name":"Nutricionista Palma de Mallorca - Marga Rigo Nutrici\u00f3","isPartOf":{"@id":"https:\/\/margarigonutricio.com\/#website"},"datePublished":"2025-09-05T09:51:54+00:00","dateModified":"2025-11-17T12:32:47+00:00","breadcrumb":{"@id":"https:\/\/margarigonutricio.com\/nutricionista-palma-de-mallorca\/#breadcrumb"},"inLanguage":"ca","potentialAction":[{"@type":"ReadAction","target":["https:\/\/margarigonutricio.com\/nutricionista-palma-de-mallorca\/"]}]},{"@type":"BreadcrumbList","@id":"https:\/\/margarigonutricio.com\/nutricionista-palma-de-mallorca\/#breadcrumb","itemListElement":[{"@type":"ListItem","position":1,"name":"Portada","item":"https:\/\/margarigonutricio.com\/"},{"@type":"ListItem","position":2,"name":"Nutricionista Palma de Mallorca"}]},{"@type":"WebSite","@id":"https:\/\/margarigonutricio.com\/#website","url":"https:\/\/margarigonutricio.com\/","name":"Marga Rigo Nutrici\u00f3","description":"Nutrici\u00f3n Deportiva","publisher":{"@id":"https:\/\/margarigonutricio.com\/#organization"},"potentialAction":[{"@type":"SearchAction","target":{"@type":"EntryPoint","urlTemplate":"https:\/\/margarigonutricio.com\/?s={search_term_string}"},"query-input":{"@type":"PropertyValueSpecification","valueRequired":true,"valueName":"search_term_string"}}],"inLanguage":"ca"},{"@type":"Organization","@id":"https:\/\/margarigonutricio.com\/#organization","name":"Marga Rigo Nutrici\u00f3","url":"https:\/\/margarigonutricio.com\/","logo":{"@type":"ImageObject","inLanguage":"ca","@id":"https:\/\/margarigonutricio.com\/#\/schema\/logo\/image\/","url":"","contentUrl":"","caption":"Marga Rigo Nutrici\u00f3"},"image":{"@id":"https:\/\/margarigonutricio.com\/#\/schema\/logo\/image\/"}}]}},"_links":{"self":[{"href":"https:\/\/margarigonutricio.com\/ca\/wp-json\/wp\/v2\/pages\/556","targetHints":{"allow":["GET"]}}],"collection":[{"href":"https:\/\/margarigonutricio.com\/ca\/wp-json\/wp\/v2\/pages"}],"about":[{"href":"https:\/\/margarigonutricio.com\/ca\/wp-json\/wp\/v2\/types\/page"}],"author":[{"embeddable":true,"href":"https:\/\/margarigonutricio.com\/ca\/wp-json\/wp\/v2\/users\/1"}],"replies":[{"embeddable":true,"href":"https:\/\/margarigonutricio.com\/ca\/wp-json\/wp\/v2\/comments?post=556"}],"version-history":[{"count":3,"href":"https:\/\/margarigonutricio.com\/ca\/wp-json\/wp\/v2\/pages\/556\/revisions"}],"predecessor-version":[{"id":564,"href":"https:\/\/margarigonutricio.com\/ca\/wp-json\/wp\/v2\/pages\/556\/revisions\/564"}],"wp:attachment":[{"href":"https:\/\/margarigonutricio.com\/ca\/wp-json\/wp\/v2\/media?parent=556"}],"curies":[{"name":"wp","href":"https:\/\/api.w.org\/{rel}","templated":true}]}}

<div data-elementor-type="wp-page" data-elementor-id="556" class="elementor elementor-556 elementor-347" data-elementor-post-type="page">
				<div class="elementor-element elementor-element-bf7110e e-flex e-con-boxed e-con e-parent" data-id="bf7110e" data-element_type="container">
					<div class="e-con-inner">
		<div class="elementor-element elementor-element-ad75a57 e-con-full e-flex e-con e-child" data-id="ad75a57" data-element_type="container">
				<div class="elementor-element elementor-element-7efd188 elementor-widget elementor-widget-heading" data-id="7efd188" data-element_type="widget" data-widget_type="heading.default">
					<h1 class="elementor-heading-title elementor-size-default">Nutricionista Palma de Mallorca</h1>				</div>
				<div class="elementor-element elementor-element-1958d2f elementor-widget elementor-widget-text-editor" data-id="1958d2f" data-element_type="widget" data-widget_type="text-editor.default">
									<p>Estàs buscant un <strong>nutricionista de Palma de Mallorca?</strong> A la consulta de Marga Rigo estem a la teva disposició per poder atendre&#8217;t de la manera més professional, ajudant-te a implantar una rutina d&#8217;alimentació saludable i, per tant, potenciar el teu benestar. Descobreix la importància que té el menjar al nostre dia a dia de la manera més senzilla.  </p><p>Tant si practiques esport com si no, al nostre <a href="http://dev.margarigonutricio.com/ca/centre-de-nutricio-palma/">centre de nutrició a Palma</a> podrem atendre&#8217;t com et mereixes. El nostre únic objectiu és el teu benestar. Per assolir-ho, estem en disposició d&#8217;apropar-te les eines i pautes necessàries perquè aconseguisques els teus objectius. Sempre treballem de manera realista i sostenible.   </p><p>D&#8217;aquesta manera, tractarem de cuidar tota la teva alimentació, organitzarem la compra, la preparació dels àpats i t&#8217;assessorarem sobre les millors dietes. Un servei complet i personalitzat perquè cada pacient sàpiga com assolir els seus objectius. Des de la nostra consulta sempre us donarem suport, però tu has d&#8217;iniciar el canvi cap a una vida més saludable.  </p>								</div>
				<div class="elementor-element elementor-element-13e406b elementor-widget elementor-widget-heading" data-id="13e406b" data-element_type="widget" data-widget_type="heading.default">
					<h2 class="elementor-heading-title elementor-size-default">Experta nutricionista a Palma de Mallorca a la teva disposició</h2>				</div>
				<div class="elementor-element elementor-element-1785c98 elementor-widget elementor-widget-text-editor" data-id="1785c98" data-element_type="widget" data-widget_type="text-editor.default">
									<p>Després d&#8217;una trajectòria més que contrastada en aquest camp, des del nostre centre podem afirmar que només es necessiten dues coses per implantar una alimentació sana a les nostres vides: una mica de motivació i modificar els nostres hàbits alimentaris. D&#8217;aquesta manera, un dia a dia s&#8217;aconseguirà molt més saludable que redundi en una vida agradable i saludable. </p><p>Com a <a href="http://dev.margarigonutricio.com/ca/dietista-palma-de-mallorca/">dietista a Palma de Mallorca</a>, no importa els teus objectius, siguin esportius o no, ja que et podrem ajudar en tot allò que necessitis. Busques perdre pes o guanyar múscul? No et preocupis perquè et podem ajudar.  </p><p>Acudeix com més aviat millor a la consulta de Marga Rigo, especialista en nutrició a Palma de Mallorca. Iniciarem com més aviat millor la transformació cap a una vida més sana i una alimentació acurada i beneficiosa. A què estàs esperant?  </p>								</div>
				</div>
					</div>
				</div>
				</div>

<p>Estàs buscant un nutricionista de Palma de Mallorca? A la consulta de Marga Rigo estem a la teva disposició per poder atendre&#8217;t de la manera més professional, ajudant-te a implantar una rutina d&#8217;alimentació saludable i, per tant, potenciar el teu benestar. Descobreix la importància que té el menjar al nostre dia a dia de la [&hellip;]</p>

<!-- This site is optimized with the Yoast SEO plugin v26.5 - https://yoast.com/wordpress/plugins/seo/ -->
<title>Nutricionista Palma de Mallorca - Marga Rigo Nutrició</title>
<meta name="robots" content="index, follow, max-snippet:-1, max-image-preview:large, max-video-preview:-1" />
<link rel="canonical" href="https://margarigonutricio.com/nutricionista-palma-de-mallorca/" />
<meta property="og:locale" content="ca_ES" />
<meta property="og:type" content="article" />
<meta property="og:title" content="Nutricionista Palma de Mallorca - Marga Rigo Nutrició" />
<meta property="og:description" content="Estàs buscant un nutricionista de Palma de Mallorca? A la consulta de Marga Rigo estem a la teva disposició per poder atendre&#8217;t de la manera més professional, ajudant-te a implantar una rutina d&#8217;alimentació saludable i, per tant, potenciar el teu benestar. Descobreix la importància que té el menjar al nostre dia a dia de la [&hellip;]" />
<meta property="og:url" content="https://margarigonutricio.com/nutricionista-palma-de-mallorca/" />
<meta property="og:site_name" content="Marga Rigo Nutrició" />
<meta property="article:modified_time" content="2025-11-17T12:32:47+00:00" />
<meta name="twitter:card" content="summary_large_image" />
<meta name="twitter:label1" content="Temps estimat de lectura" />
	<meta name="twitter:data1" content="2 minuts" />
<script type="application/ld+json" class="yoast-schema-graph">{"@context":"https://schema.org","@graph":[{"@type":"WebPage","@id":"https://margarigonutricio.com/nutricionista-palma-de-mallorca/","url":"https://margarigonutricio.com/nutricionista-palma-de-mallorca/","name":"Nutricionista Palma de Mallorca - Marga Rigo Nutrició","isPartOf":{"@id":"https://margarigonutricio.com/#website"},"datePublished":"2025-09-05T09:51:54+00:00","dateModified":"2025-11-17T12:32:47+00:00","breadcrumb":{"@id":"https://margarigonutricio.com/nutricionista-palma-de-mallorca/#breadcrumb"},"inLanguage":"ca","potentialAction":[{"@type":"ReadAction","target":["https://margarigonutricio.com/nutricionista-palma-de-mallorca/"]}]},{"@type":"BreadcrumbList","@id":"https://margarigonutricio.com/nutricionista-palma-de-mallorca/#breadcrumb","itemListElement":[{"@type":"ListItem","position":1,"name":"Portada","item":"https://margarigonutricio.com/"},{"@type":"ListItem","position":2,"name":"Nutricionista Palma de Mallorca"}]},{"@type":"WebSite","@id":"https://margarigonutricio.com/#website","url":"https://margarigonutricio.com/","name":"Marga Rigo Nutrició","description":"Nutrición Deportiva","publisher":{"@id":"https://margarigonutricio.com/#organization"},"potentialAction":[{"@type":"SearchAction","target":{"@type":"EntryPoint","urlTemplate":"https://margarigonutricio.com/?s={search_term_string}"},"query-input":{"@type":"PropertyValueSpecification","valueRequired":true,"valueName":"search_term_string"}}],"inLanguage":"ca"},{"@type":"Organization","@id":"https://margarigonutricio.com/#organization","name":"Marga Rigo Nutrició","url":"https://margarigonutricio.com/","logo":{"@type":"ImageObject","inLanguage":"ca","@id":"https://margarigonutricio.com/#/schema/logo/image/","url":"","contentUrl":"","caption":"Marga Rigo Nutrició"},"image":{"@id":"https://margarigonutricio.com/#/schema/logo/image/"}}]}</script>
<!-- / Yoast SEO plugin. -->

Nutricionista Palma de Mallorca - Marga Rigo Nutrició

Estàs buscant un nutricionista de Palma de Mallorca? A la consulta de Marga Rigo estem a la teva disposició per poder atendre&#8217;t de la manera més professional, ajudant-te a implantar una rutina d&#8217;alimentació saludable i, per tant, potenciar el teu benestar. Descobreix la importància que té el menjar al nostre dia a dia de la [&hellip;]

Marga Rigo Nutrició

Nutrición Deportiva
