{"id":562,"date":"2025-09-05T11:43:11","date_gmt":"2025-09-05T09:43:11","guid":{"rendered":"http:\/\/dev.margarigonutricio.com\/centre-de-nutricio-palma\/"},"modified":"2025-11-17T13:32:47","modified_gmt":"2025-11-17T12:32:47","slug":"centre-de-nutricio-palma","status":"publish","type":"page","link":"https:\/\/margarigonutricio.com\/ca\/centre-de-nutricio-palma\/","title":{"rendered":"Centre de nutrici\u00f3 Palma"},"content":{"rendered":"\t\t<div data-elementor-type=\"wp-page\" data-elementor-id=\"562\" class=\"elementor elementor-562 elementor-341\" data-elementor-post-type=\"page\">\n\t\t\t\t<div class=\"elementor-element elementor-element-faa651e e-con-full e-flex e-con e-parent\" data-id=\"faa651e\" data-element_type=\"container\">\n\t\t<div class=\"elementor-element elementor-element-92e62d0 e-con-full e-flex e-con e-child\" data-id=\"92e62d0\" data-element_type=\"container\">\n\t\t\t\t<div class=\"elementor-element elementor-element-78f360f elementor-widget elementor-widget-heading\" data-id=\"78f360f\" data-element_type=\"widget\" data-widget_type=\"heading.default\">\n\t\t\t\t\t<h1 class=\"elementor-heading-title elementor-size-default\">Centre de nutrici\u00f3 Palma<\/h1>\t\t\t\t<\/div>\n\t\t\t\t<div class=\"elementor-element elementor-element-9cee140 elementor-widget elementor-widget-text-editor\" data-id=\"9cee140\" data-element_type=\"widget\" data-widget_type=\"text-editor.default\">\n\t\t\t\t\t\t\t\t\t<p>Al <strong>centre de nutrici\u00f3 a Palma<\/strong> de Marga Rigo volem ajudar-te a aconseguir adoptar els h\u00e0bits d&#8217;alimentaci\u00f3 m\u00e9s saludables possibles. Has de saber que aix\u00f2 no implica cercar una p\u00e8rdua de pes o millorar l&#8217;est\u00e8tica, sin\u00f3 potenciar la nostra salut i el nostre benestar. Aquest \u00e9s el nostre veritable objectiu com a grans especialistes del sector.  <\/p><p>Gr\u00e0cies a la nostra experi\u00e8ncia com a <a href=\"http:\/\/dev.margarigonutricio.com\/ca\/dietista-palma-de-mallorca\/\">dietista a Palma de Mallorca,<\/a> creiem que la nutrici\u00f3 ha de ser considerada com un pilar b\u00e0sic per aconseguir assolir i mantenir un bon estat de salut. Amb ella, l&#8217;activitat f\u00edsica ser\u00e0, sens dubte, l&#8217;altre pilar fonamental. Tots dos es complementen i, per tant, els hem de cuidar.  <\/p><p>\u00c9s per aix\u00f2 que, juntament amb tu, implantarem una nutrici\u00f3 totalment personalitzada per poder assolir uns objectius realistes i palpables. T&#8217;ajudarem a fixar-los, per\u00f2 tamb\u00e9 t&#8217;aproparem les eines i les pautes necess\u00e0ries per aconseguir-ho. Deixa els costats i aconsegueix tot all\u00f2 que et proposis. T&#8217;ajudem a aconseguir-ho!   <\/p>\t\t\t\t\t\t\t\t<\/div>\n\t\t\t\t<div class=\"elementor-element elementor-element-663267e elementor-widget elementor-widget-heading\" data-id=\"663267e\" data-element_type=\"widget\" data-widget_type=\"heading.default\">\n\t\t\t\t\t<h2 class=\"elementor-heading-title elementor-size-default\">Centre de nutrici\u00f3 a Palma de refer\u00e8ncia<\/h2>\t\t\t\t<\/div>\n\t\t\t\t<div class=\"elementor-element elementor-element-987277d elementor-widget elementor-widget-text-editor\" data-id=\"987277d\" data-element_type=\"widget\" data-widget_type=\"text-editor.default\">\n\t\t\t\t\t\t\t\t\t<p>Per poder convertir-nos en un centre l\u00edder en aquest sector, hem hagut d&#8217;esfor\u00e7ar-nos al m\u00e0xim amb tots i cadascun dels nostres pacients. D&#8217;aquesta manera, us ajudem d&#8217;una manera global, apropant-vos les millors pautes aliment\u00e0ries, per\u00f2 tamb\u00e9 un assessorament efica\u00e7 que permeti reduir qualsevol dubte. <\/p><p>\u00c9s per aix\u00f2 que, gr\u00e0cies a la nostra experi\u00e8ncia com a <a href=\"http:\/\/dev.margarigonutricio.com\/ca\/nutricionista-esportiva-mallorca\/\">nutricionista esportiu a Mallorca,<\/a> impartim tota mena de tallers de formaci\u00f3 personalitzats, adaptant-nos a cada cas concret. Aix\u00ed, ser\u00e0 molt m\u00e9s senzill implantar uns h\u00e0bits nutricionals totalment correctes que millorin la nostra salut i el nostre benestar.<\/p><p>No esperis ni un instant m\u00e9s i va a la nostra <strong>cl\u00ednica de nutrici\u00f3 a Palma. <\/strong>Estem desitjant ajudar-te en tot all\u00f2 que necessitis. A qu\u00e8 est\u00e0s esperant per posar remei a una mala alimentaci\u00f3? T&#8217;estem esperant amb els bra\u00e7os oberts!   <\/p>\t\t\t\t\t\t\t\t<\/div>\n\t\t\t\t<\/div>\n\t\t\t\t<\/div>\n\t\t\t\t<\/div>\n\t\t","protected":false},"excerpt":{"rendered":"<p>Al centre de nutrici\u00f3 a Palma de Marga Rigo volem ajudar-te a aconseguir adoptar els h\u00e0bits d&#8217;alimentaci\u00f3 m\u00e9s saludables possibles. Has de saber que aix\u00f2 no implica cercar una p\u00e8rdua de pes o millorar l&#8217;est\u00e8tica, sin\u00f3 potenciar la nostra salut i el nostre benestar. Aquest \u00e9s el nostre veritable objectiu com a grans especialistes del [&hellip;]<\/p>\n","protected":false},"author":1,"featured_media":0,"parent":0,"menu_order":0,"comment_status":"closed","ping_status":"closed","template":"","meta":{"footnotes":""},"class_list":["post-562","page","type-page","status-publish","hentry"],"yoast_head":"<!-- This site is optimized with the Yoast SEO plugin v26.5 - https:\/\/yoast.com\/wordpress\/plugins\/seo\/ -->\n<title>Centre de nutrici\u00f3 Palma | Marga Rigo - Nutricionista Palma de Mallorca<\/title>\n<meta name=\"description\" content=\"Al centre de nutrici\u00f3 a Palma de Marga Rigo volem ajudar-te a aconseguir adoptar els h\u00e0bits d&#039;alimentaci\u00f3 m\u00e9s saludables possibles. Has de saber que aix\u00f2 no implica nom\u00e9s cercar una p\u00e8rdua de pes o millorar l&#039;est\u00e8tica, sin\u00f3 potenciar la teva salut, la teva energia i el teu benestar a llarg termini.\" \/>\n<meta name=\"robots\" content=\"index, follow, max-snippet:-1, max-image-preview:large, max-video-preview:-1\" \/>\n<link rel=\"canonical\" href=\"https:\/\/margarigonutricio.com\/centro-de-nutricion-palma\/\" \/>\n<meta property=\"og:locale\" content=\"ca_ES\" \/>\n<meta property=\"og:type\" content=\"article\" \/>\n<meta property=\"og:title\" content=\"Centre de nutrici\u00f3 Palma | Marga Rigo - Nutricionista Palma de Mallorca\" \/>\n<meta property=\"og:description\" content=\"Al centre de nutrici\u00f3 a Palma de Marga Rigo volem ajudar-te a aconseguir adoptar els h\u00e0bits d&#039;alimentaci\u00f3 m\u00e9s saludables possibles. Has de saber que aix\u00f2 no implica nom\u00e9s cercar una p\u00e8rdua de pes o millorar l&#039;est\u00e8tica, sin\u00f3 potenciar la teva salut, la teva energia i el teu benestar a llarg termini.\" \/>\n<meta property=\"og:url\" content=\"https:\/\/margarigonutricio.com\/centro-de-nutricion-palma\/\" \/>\n<meta property=\"og:site_name\" content=\"Marga Rigo Nutrici\u00f3\" \/>\n<meta property=\"article:modified_time\" content=\"2025-11-17T12:32:47+00:00\" \/>\n<meta name=\"twitter:card\" content=\"summary_large_image\" \/>\n<meta name=\"twitter:label1\" content=\"Temps estimat de lectura\" \/>\n\t<meta name=\"twitter:data1\" content=\"2 minuts\" \/>\n<script type=\"application\/ld+json\" class=\"yoast-schema-graph\">{\"@context\":\"https:\/\/schema.org\",\"@graph\":[{\"@type\":\"WebPage\",\"@id\":\"https:\/\/margarigonutricio.com\/centro-de-nutricion-palma\/\",\"url\":\"https:\/\/margarigonutricio.com\/centro-de-nutricion-palma\/\",\"name\":\"Centre de nutrici\u00f3 Palma | Marga Rigo - Nutricionista Palma de Mallorca\",\"isPartOf\":{\"@id\":\"https:\/\/margarigonutricio.com\/#website\"},\"datePublished\":\"2025-09-05T09:43:11+00:00\",\"dateModified\":\"2025-11-17T12:32:47+00:00\",\"description\":\"Al centre de nutrici\u00f3 a Palma de Marga Rigo volem ajudar-te a aconseguir adoptar els h\u00e0bits d'alimentaci\u00f3 m\u00e9s saludables possibles. Has de saber que aix\u00f2 no implica nom\u00e9s cercar una p\u00e8rdua de pes o millorar l'est\u00e8tica, sin\u00f3 potenciar la teva salut, la teva energia i el teu benestar a llarg termini.\",\"breadcrumb\":{\"@id\":\"https:\/\/margarigonutricio.com\/centro-de-nutricion-palma\/#breadcrumb\"},\"inLanguage\":\"ca\",\"potentialAction\":[{\"@type\":\"ReadAction\",\"target\":[\"https:\/\/margarigonutricio.com\/centro-de-nutricion-palma\/\"]}]},{\"@type\":\"BreadcrumbList\",\"@id\":\"https:\/\/margarigonutricio.com\/centro-de-nutricion-palma\/#breadcrumb\",\"itemListElement\":[{\"@type\":\"ListItem\",\"position\":1,\"name\":\"Portada\",\"item\":\"https:\/\/margarigonutricio.com\/\"},{\"@type\":\"ListItem\",\"position\":2,\"name\":\"Centre de nutrici\u00f3 Palma\"}]},{\"@type\":\"WebSite\",\"@id\":\"https:\/\/margarigonutricio.com\/#website\",\"url\":\"https:\/\/margarigonutricio.com\/\",\"name\":\"Marga Rigo Nutrici\u00f3\",\"description\":\"Nutrici\u00f3n Deportiva\",\"publisher\":{\"@id\":\"https:\/\/margarigonutricio.com\/#organization\"},\"potentialAction\":[{\"@type\":\"SearchAction\",\"target\":{\"@type\":\"EntryPoint\",\"urlTemplate\":\"https:\/\/margarigonutricio.com\/?s={search_term_string}\"},\"query-input\":{\"@type\":\"PropertyValueSpecification\",\"valueRequired\":true,\"valueName\":\"search_term_string\"}}],\"inLanguage\":\"ca\"},{\"@type\":\"Organization\",\"@id\":\"https:\/\/margarigonutricio.com\/#organization\",\"name\":\"Marga Rigo Nutrici\u00f3\",\"url\":\"https:\/\/margarigonutricio.com\/\",\"logo\":{\"@type\":\"ImageObject\",\"inLanguage\":\"ca\",\"@id\":\"https:\/\/margarigonutricio.com\/#\/schema\/logo\/image\/\",\"url\":\"\",\"contentUrl\":\"\",\"caption\":\"Marga Rigo Nutrici\u00f3\"},\"image\":{\"@id\":\"https:\/\/margarigonutricio.com\/#\/schema\/logo\/image\/\"}}]}<\/script>\n<!-- \/ Yoast SEO plugin. -->","yoast_head_json":{"title":"Centre de nutrici\u00f3 Palma | Marga Rigo - Nutricionista Palma de Mallorca","description":"Al centre de nutrici\u00f3 a Palma de Marga Rigo volem ajudar-te a aconseguir adoptar els h\u00e0bits d'alimentaci\u00f3 m\u00e9s saludables possibles. Has de saber que aix\u00f2 no implica nom\u00e9s cercar una p\u00e8rdua de pes o millorar l'est\u00e8tica, sin\u00f3 potenciar la teva salut, la teva energia i el teu benestar a llarg termini.","robots":{"index":"index","follow":"follow","max-snippet":"max-snippet:-1","max-image-preview":"max-image-preview:large","max-video-preview":"max-video-preview:-1"},"canonical":"https:\/\/margarigonutricio.com\/centro-de-nutricion-palma\/","og_locale":"ca_ES","og_type":"article","og_title":"Centre de nutrici\u00f3 Palma | Marga Rigo - Nutricionista Palma de Mallorca","og_description":"Al centre de nutrici\u00f3 a Palma de Marga Rigo volem ajudar-te a aconseguir adoptar els h\u00e0bits d'alimentaci\u00f3 m\u00e9s saludables possibles. Has de saber que aix\u00f2 no implica nom\u00e9s cercar una p\u00e8rdua de pes o millorar l'est\u00e8tica, sin\u00f3 potenciar la teva salut, la teva energia i el teu benestar a llarg termini.","og_url":"https:\/\/margarigonutricio.com\/centro-de-nutricion-palma\/","og_site_name":"Marga Rigo Nutrici\u00f3","article_modified_time":"2025-11-17T12:32:47+00:00","twitter_card":"summary_large_image","twitter_misc":{"Temps estimat de lectura":"2 minuts"},"schema":{"@context":"https:\/\/schema.org","@graph":[{"@type":"WebPage","@id":"https:\/\/margarigonutricio.com\/centro-de-nutricion-palma\/","url":"https:\/\/margarigonutricio.com\/centro-de-nutricion-palma\/","name":"Centre de nutrici\u00f3 Palma | Marga Rigo - Nutricionista Palma de Mallorca","isPartOf":{"@id":"https:\/\/margarigonutricio.com\/#website"},"datePublished":"2025-09-05T09:43:11+00:00","dateModified":"2025-11-17T12:32:47+00:00","description":"Al centre de nutrici\u00f3 a Palma de Marga Rigo volem ajudar-te a aconseguir adoptar els h\u00e0bits d'alimentaci\u00f3 m\u00e9s saludables possibles. Has de saber que aix\u00f2 no implica nom\u00e9s cercar una p\u00e8rdua de pes o millorar l'est\u00e8tica, sin\u00f3 potenciar la teva salut, la teva energia i el teu benestar a llarg termini.","breadcrumb":{"@id":"https:\/\/margarigonutricio.com\/centro-de-nutricion-palma\/#breadcrumb"},"inLanguage":"ca","potentialAction":[{"@type":"ReadAction","target":["https:\/\/margarigonutricio.com\/centro-de-nutricion-palma\/"]}]},{"@type":"BreadcrumbList","@id":"https:\/\/margarigonutricio.com\/centro-de-nutricion-palma\/#breadcrumb","itemListElement":[{"@type":"ListItem","position":1,"name":"Portada","item":"https:\/\/margarigonutricio.com\/"},{"@type":"ListItem","position":2,"name":"Centre de nutrici\u00f3 Palma"}]},{"@type":"WebSite","@id":"https:\/\/margarigonutricio.com\/#website","url":"https:\/\/margarigonutricio.com\/","name":"Marga Rigo Nutrici\u00f3","description":"Nutrici\u00f3n Deportiva","publisher":{"@id":"https:\/\/margarigonutricio.com\/#organization"},"potentialAction":[{"@type":"SearchAction","target":{"@type":"EntryPoint","urlTemplate":"https:\/\/margarigonutricio.com\/?s={search_term_string}"},"query-input":{"@type":"PropertyValueSpecification","valueRequired":true,"valueName":"search_term_string"}}],"inLanguage":"ca"},{"@type":"Organization","@id":"https:\/\/margarigonutricio.com\/#organization","name":"Marga Rigo Nutrici\u00f3","url":"https:\/\/margarigonutricio.com\/","logo":{"@type":"ImageObject","inLanguage":"ca","@id":"https:\/\/margarigonutricio.com\/#\/schema\/logo\/image\/","url":"","contentUrl":"","caption":"Marga Rigo Nutrici\u00f3"},"image":{"@id":"https:\/\/margarigonutricio.com\/#\/schema\/logo\/image\/"}}]}},"_links":{"self":[{"href":"https:\/\/margarigonutricio.com\/ca\/wp-json\/wp\/v2\/pages\/562","targetHints":{"allow":["GET"]}}],"collection":[{"href":"https:\/\/margarigonutricio.com\/ca\/wp-json\/wp\/v2\/pages"}],"about":[{"href":"https:\/\/margarigonutricio.com\/ca\/wp-json\/wp\/v2\/types\/page"}],"author":[{"embeddable":true,"href":"https:\/\/margarigonutricio.com\/ca\/wp-json\/wp\/v2\/users\/1"}],"replies":[{"embeddable":true,"href":"https:\/\/margarigonutricio.com\/ca\/wp-json\/wp\/v2\/comments?post=562"}],"version-history":[{"count":1,"href":"https:\/\/margarigonutricio.com\/ca\/wp-json\/wp\/v2\/pages\/562\/revisions"}],"predecessor-version":[{"id":563,"href":"https:\/\/margarigonutricio.com\/ca\/wp-json\/wp\/v2\/pages\/562\/revisions\/563"}],"wp:attachment":[{"href":"https:\/\/margarigonutricio.com\/ca\/wp-json\/wp\/v2\/media?parent=562"}],"curies":[{"name":"wp","href":"https:\/\/api.w.org\/{rel}","templated":true}]}}

Centre de nutrició Palma

<div data-elementor-type="wp-page" data-elementor-id="562" class="elementor elementor-562 elementor-341" data-elementor-post-type="page">
				<div class="elementor-element elementor-element-faa651e e-con-full e-flex e-con e-parent" data-id="faa651e" data-element_type="container">
		<div class="elementor-element elementor-element-92e62d0 e-con-full e-flex e-con e-child" data-id="92e62d0" data-element_type="container">
				<div class="elementor-element elementor-element-78f360f elementor-widget elementor-widget-heading" data-id="78f360f" data-element_type="widget" data-widget_type="heading.default">
					<h1 class="elementor-heading-title elementor-size-default">Centre de nutrició Palma</h1>				</div>
				<div class="elementor-element elementor-element-9cee140 elementor-widget elementor-widget-text-editor" data-id="9cee140" data-element_type="widget" data-widget_type="text-editor.default">
									<p>Al <strong>centre de nutrició a Palma</strong> de Marga Rigo volem ajudar-te a aconseguir adoptar els hàbits d&#8217;alimentació més saludables possibles. Has de saber que això no implica cercar una pèrdua de pes o millorar l&#8217;estètica, sinó potenciar la nostra salut i el nostre benestar. Aquest és el nostre veritable objectiu com a grans especialistes del sector.  </p><p>Gràcies a la nostra experiència com a <a href="http://dev.margarigonutricio.com/ca/dietista-palma-de-mallorca/">dietista a Palma de Mallorca,</a> creiem que la nutrició ha de ser considerada com un pilar bàsic per aconseguir assolir i mantenir un bon estat de salut. Amb ella, l&#8217;activitat física serà, sens dubte, l&#8217;altre pilar fonamental. Tots dos es complementen i, per tant, els hem de cuidar.  </p><p>És per això que, juntament amb tu, implantarem una nutrició totalment personalitzada per poder assolir uns objectius realistes i palpables. T&#8217;ajudarem a fixar-los, però també t&#8217;aproparem les eines i les pautes necessàries per aconseguir-ho. Deixa els costats i aconsegueix tot allò que et proposis. T&#8217;ajudem a aconseguir-ho!   </p>								</div>
				<div class="elementor-element elementor-element-663267e elementor-widget elementor-widget-heading" data-id="663267e" data-element_type="widget" data-widget_type="heading.default">
					<h2 class="elementor-heading-title elementor-size-default">Centre de nutrició a Palma de referència</h2>				</div>
				<div class="elementor-element elementor-element-987277d elementor-widget elementor-widget-text-editor" data-id="987277d" data-element_type="widget" data-widget_type="text-editor.default">
									<p>Per poder convertir-nos en un centre líder en aquest sector, hem hagut d&#8217;esforçar-nos al màxim amb tots i cadascun dels nostres pacients. D&#8217;aquesta manera, us ajudem d&#8217;una manera global, apropant-vos les millors pautes alimentàries, però també un assessorament eficaç que permeti reduir qualsevol dubte. </p><p>És per això que, gràcies a la nostra experiència com a <a href="http://dev.margarigonutricio.com/ca/nutricionista-esportiva-mallorca/">nutricionista esportiu a Mallorca,</a> impartim tota mena de tallers de formació personalitzats, adaptant-nos a cada cas concret. Així, serà molt més senzill implantar uns hàbits nutricionals totalment correctes que millorin la nostra salut i el nostre benestar.</p><p>No esperis ni un instant més i va a la nostra <strong>clínica de nutrició a Palma. </strong>Estem desitjant ajudar-te en tot allò que necessitis. A què estàs esperant per posar remei a una mala alimentació? T&#8217;estem esperant amb els braços oberts!   </p>								</div>
				</div>
				</div>
				</div>

<p>Al centre de nutrició a Palma de Marga Rigo volem ajudar-te a aconseguir adoptar els hàbits d&#8217;alimentació més saludables possibles. Has de saber que això no implica cercar una pèrdua de pes o millorar l&#8217;estètica, sinó potenciar la nostra salut i el nostre benestar. Aquest és el nostre veritable objectiu com a grans especialistes del [&hellip;]</p>

<!-- This site is optimized with the Yoast SEO plugin v26.5 - https://yoast.com/wordpress/plugins/seo/ -->
<title>Centre de nutrició Palma | Marga Rigo - Nutricionista Palma de Mallorca</title>
<meta name="description" content="Al centre de nutrició a Palma de Marga Rigo volem ajudar-te a aconseguir adoptar els hàbits d&#039;alimentació més saludables possibles. Has de saber que això no implica només cercar una pèrdua de pes o millorar l&#039;estètica, sinó potenciar la teva salut, la teva energia i el teu benestar a llarg termini." />
<meta name="robots" content="index, follow, max-snippet:-1, max-image-preview:large, max-video-preview:-1" />
<link rel="canonical" href="https://margarigonutricio.com/centro-de-nutricion-palma/" />
<meta property="og:locale" content="ca_ES" />
<meta property="og:type" content="article" />
<meta property="og:title" content="Centre de nutrició Palma | Marga Rigo - Nutricionista Palma de Mallorca" />
<meta property="og:description" content="Al centre de nutrició a Palma de Marga Rigo volem ajudar-te a aconseguir adoptar els hàbits d&#039;alimentació més saludables possibles. Has de saber que això no implica només cercar una pèrdua de pes o millorar l&#039;estètica, sinó potenciar la teva salut, la teva energia i el teu benestar a llarg termini." />
<meta property="og:url" content="https://margarigonutricio.com/centro-de-nutricion-palma/" />
<meta property="og:site_name" content="Marga Rigo Nutrició" />
<meta property="article:modified_time" content="2025-11-17T12:32:47+00:00" />
<meta name="twitter:card" content="summary_large_image" />
<meta name="twitter:label1" content="Temps estimat de lectura" />
	<meta name="twitter:data1" content="2 minuts" />
<script type="application/ld+json" class="yoast-schema-graph">{"@context":"https://schema.org","@graph":[{"@type":"WebPage","@id":"https://margarigonutricio.com/centro-de-nutricion-palma/","url":"https://margarigonutricio.com/centro-de-nutricion-palma/","name":"Centre de nutrició Palma | Marga Rigo - Nutricionista Palma de Mallorca","isPartOf":{"@id":"https://margarigonutricio.com/#website"},"datePublished":"2025-09-05T09:43:11+00:00","dateModified":"2025-11-17T12:32:47+00:00","description":"Al centre de nutrició a Palma de Marga Rigo volem ajudar-te a aconseguir adoptar els hàbits d'alimentació més saludables possibles. Has de saber que això no implica només cercar una pèrdua de pes o millorar l'estètica, sinó potenciar la teva salut, la teva energia i el teu benestar a llarg termini.","breadcrumb":{"@id":"https://margarigonutricio.com/centro-de-nutricion-palma/#breadcrumb"},"inLanguage":"ca","potentialAction":[{"@type":"ReadAction","target":["https://margarigonutricio.com/centro-de-nutricion-palma/"]}]},{"@type":"BreadcrumbList","@id":"https://margarigonutricio.com/centro-de-nutricion-palma/#breadcrumb","itemListElement":[{"@type":"ListItem","position":1,"name":"Portada","item":"https://margarigonutricio.com/"},{"@type":"ListItem","position":2,"name":"Centre de nutrició Palma"}]},{"@type":"WebSite","@id":"https://margarigonutricio.com/#website","url":"https://margarigonutricio.com/","name":"Marga Rigo Nutrició","description":"Nutrición Deportiva","publisher":{"@id":"https://margarigonutricio.com/#organization"},"potentialAction":[{"@type":"SearchAction","target":{"@type":"EntryPoint","urlTemplate":"https://margarigonutricio.com/?s={search_term_string}"},"query-input":{"@type":"PropertyValueSpecification","valueRequired":true,"valueName":"search_term_string"}}],"inLanguage":"ca"},{"@type":"Organization","@id":"https://margarigonutricio.com/#organization","name":"Marga Rigo Nutrició","url":"https://margarigonutricio.com/","logo":{"@type":"ImageObject","inLanguage":"ca","@id":"https://margarigonutricio.com/#/schema/logo/image/","url":"","contentUrl":"","caption":"Marga Rigo Nutrició"},"image":{"@id":"https://margarigonutricio.com/#/schema/logo/image/"}}]}</script>
<!-- / Yoast SEO plugin. -->

Centre de nutrició Palma | Marga Rigo - Nutricionista Palma de Mallorca

Al centre de nutrició a Palma de Marga Rigo volem ajudar-te a aconseguir adoptar els hàbits d'alimentació més saludables possibles. Has de saber que això no implica només cercar una pèrdua de pes o millorar l'estètica, sinó potenciar la teva salut, la teva energia i el teu benestar a llarg termini.

Marga Rigo Nutrició

Nutrición Deportiva
